{"id":6318,"date":"2019-12-09T11:41:49","date_gmt":"2019-12-09T11:41:49","guid":{"rendered":"http:\/\/demo-import.loc\/?page_id=6318"},"modified":"2023-05-05T23:31:10","modified_gmt":"2023-05-05T23:31:10","slug":"projets-en-perspective","status":"publish","type":"page","link":"https:\/\/ipsafrica.org\/?page_id=6318","title":{"rendered":"Projets en perspective"},"content":{"rendered":"\t\t<div data-elementor-type=\"wp-page\" data-elementor-id=\"6318\" class=\"elementor elementor-6318\">\n\t\t\t\t\t\t\t\t\t<section class=\"elementor-section elementor-top-section elementor-element elementor-element-f0aabae elementor-section-boxed elementor-section-height-default elementor-section-height-default\" data-id=\"f0aabae\" data-element_type=\"section\">\n\t\t\t\t\t\t<div class=\"elementor-container elementor-column-gap-default\">\n\t\t\t\t\t<div class=\"elementor-column elementor-col-66 elementor-top-column elementor-element elementor-element-f0ab38e\" data-id=\"f0ab38e\" data-element_type=\"column\">\n\t\t\t<div class=\"elementor-widget-wrap elementor-element-populated\">\n\t\t\t\t\t\t\t\t<div class=\"elementor-element elementor-element-f0ab956 elementor-widget elementor-widget-stm_news\" data-id=\"f0ab956\" data-element_type=\"widget\" data-widget_type=\"stm_news.default\">\n\t\t\t\t<div class=\"elementor-widget-container\">\n\t\t\t\n\n    <div class=\"stm_news  consulting_elementor_posts\">\n        <ul class=\"news_list posts_per_row_\">\n\n            \n                                <li class=\"view_style_3\">\n                    <div class=\"post_item\">\n                                                    <a href=\"https:\/\/ipsafrica.org\/?stm_works=constructing-a-best-in-class-global\" class=\"image\">\n                                <img src='https:\/\/ipsafrica.org\/wp-content\/uploads\/2022\/01\/placeholder.gif' alt='theme_placeholder' \/>                            <\/a>\n                                                <div class=\"content\">\n                            <a href=\"https:\/\/ipsafrica.org\/?stm_works=constructing-a-best-in-class-global\" class=\"title base_font_color\">\n                                <h5 class=\"secondary_font_color_hv\">Constructing the best-in-class global assets<\/h5>\n                            <\/a>\n                            <div class=\"description\">\n                                <p>Business Services<\/p>\n                            <\/div>\n                            <a href=\"https:\/\/ipsafrica.org\/?stm_works=constructing-a-best-in-class-global\" class=\"read_more\">\n                                <i class=\"stm-lnr-arrow-right third_bg_color base_bg_color_hv\"><\/i>\n                                <span>\n                                Lire plus                                <\/span>\n                            <\/a>\n                        <\/div>\n                    <\/div>\n                <\/li>\n\n            \n                                <li class=\"view_style_3\">\n                    <div class=\"post_item\">\n                                                    <a href=\"https:\/\/ipsafrica.org\/?stm_works=focus-on-core-delivers-growth-for-retailer-2\" class=\"image\">\n                                <img src='https:\/\/ipsafrica.org\/wp-content\/uploads\/2022\/01\/placeholder.gif' alt='theme_placeholder' \/>                            <\/a>\n                                                <div class=\"content\">\n                            <a href=\"https:\/\/ipsafrica.org\/?stm_works=focus-on-core-delivers-growth-for-retailer-2\" class=\"title base_font_color\">\n                                <h5 class=\"secondary_font_color_hv\">Focus on core delivers growth for retailer trading<\/h5>\n                            <\/a>\n                            <div class=\"description\">\n                                <p>Travel &amp; Aviation<\/p>\n                            <\/div>\n                            <a href=\"https:\/\/ipsafrica.org\/?stm_works=focus-on-core-delivers-growth-for-retailer-2\" class=\"read_more\">\n                                <i class=\"stm-lnr-arrow-right third_bg_color base_bg_color_hv\"><\/i>\n                                <span>\n                                Lire plus                                <\/span>\n                            <\/a>\n                        <\/div>\n                    <\/div>\n                <\/li>\n\n            \n                                <li class=\"view_style_3\">\n                    <div class=\"post_item\">\n                                                    <a href=\"https:\/\/ipsafrica.org\/?stm_works=transformation-sparks-financial-leaders-turnaround-2\" class=\"image\">\n                                <img src='https:\/\/ipsafrica.org\/wp-content\/uploads\/2022\/01\/placeholder.gif' alt='theme_placeholder' \/>                            <\/a>\n                                                <div class=\"content\">\n                            <a href=\"https:\/\/ipsafrica.org\/?stm_works=transformation-sparks-financial-leaders-turnaround-2\" class=\"title base_font_color\">\n                                <h5 class=\"secondary_font_color_hv\">Transformation sparks financial income for all<\/h5>\n                            <\/a>\n                            <div class=\"description\">\n                                <p>Business Services<\/p>\n                            <\/div>\n                            <a href=\"https:\/\/ipsafrica.org\/?stm_works=transformation-sparks-financial-leaders-turnaround-2\" class=\"read_more\">\n                                <i class=\"stm-lnr-arrow-right third_bg_color base_bg_color_hv\"><\/i>\n                                <span>\n                                Lire plus                                <\/span>\n                            <\/a>\n                        <\/div>\n                    <\/div>\n                <\/li>\n\n            \n                                <li class=\"view_style_3\">\n                    <div class=\"post_item\">\n                                                    <a href=\"https:\/\/ipsafrica.org\/?stm_works=leading-consumer-products-companies\" class=\"image\">\n                                <img src='https:\/\/ipsafrica.org\/wp-content\/uploads\/2022\/01\/placeholder.gif' alt='theme_placeholder' \/>                            <\/a>\n                                                <div class=\"content\">\n                            <a href=\"https:\/\/ipsafrica.org\/?stm_works=leading-consumer-products-companies\" class=\"title base_font_color\">\n                                <h5 class=\"secondary_font_color_hv\">Leading consumer products companies<\/h5>\n                            <\/a>\n                            <div class=\"description\">\n                                <p>Financial Services<\/p>\n                            <\/div>\n                            <a href=\"https:\/\/ipsafrica.org\/?stm_works=leading-consumer-products-companies\" class=\"read_more\">\n                                <i class=\"stm-lnr-arrow-right third_bg_color base_bg_color_hv\"><\/i>\n                                <span>\n                                Lire plus                                <\/span>\n                            <\/a>\n                        <\/div>\n                    <\/div>\n                <\/li>\n\n            \n                                <li class=\"view_style_3\">\n                    <div class=\"post_item\">\n                                                    <a href=\"https:\/\/ipsafrica.org\/?stm_works=bain-helps-transportation-companies\" class=\"image\">\n                                <img src='https:\/\/ipsafrica.org\/wp-content\/uploads\/2022\/01\/placeholder.gif' alt='theme_placeholder' \/>                            <\/a>\n                                                <div class=\"content\">\n                            <a href=\"https:\/\/ipsafrica.org\/?stm_works=bain-helps-transportation-companies\" class=\"title base_font_color\">\n                                <h5 class=\"secondary_font_color_hv\">Bain helps transportation &#038; logistics companies<\/h5>\n                            <\/a>\n                            <div class=\"description\">\n                                <p>Surface Transport &amp; Logistics<\/p>\n                            <\/div>\n                            <a href=\"https:\/\/ipsafrica.org\/?stm_works=bain-helps-transportation-companies\" class=\"read_more\">\n                                <i class=\"stm-lnr-arrow-right third_bg_color base_bg_color_hv\"><\/i>\n                                <span>\n                                Lire plus                                <\/span>\n                            <\/a>\n                        <\/div>\n                    <\/div>\n                <\/li>\n\n                    <\/ul>\n    <\/div>\n\t\t<\/div>\n\t\t\t\t<\/div>\n\t\t\t\t\t<\/div>\n\t\t<\/div>\n\t\t\t\t<div class=\"elementor-column elementor-col-33 elementor-top-column elementor-element elementor-element-f0aba97\" data-id=\"f0aba97\" data-element_type=\"column\">\n\t\t\t<div class=\"elementor-widget-wrap elementor-element-populated\">\n\t\t\t\t\t\t\t\t<div class=\"elementor-element elementor-element-f0ac05c elementor-widget elementor-widget-stm_sidebar\" data-id=\"f0ac05c\" data-element_type=\"widget\" data-widget_type=\"stm_sidebar.default\">\n\t\t\t\t<div class=\"elementor-widget-container\">\n\t\t\t\n<div class=\"stm_sidebar consulting_elementor_sidebar\">\n\n            \t\t<div data-elementor-type=\"wp-post\" data-elementor-id=\"573\" class=\"elementor elementor-573\">\n\t\t\t\t\t\t\t\t\t<section class=\"elementor-section elementor-top-section elementor-element elementor-element-45221d4 elementor-section-boxed elementor-section-height-default elementor-section-height-default\" data-id=\"45221d4\" data-element_type=\"section\">\n\t\t\t\t\t\t<div class=\"elementor-container elementor-column-gap-default\">\n\t\t\t\t\t<div class=\"elementor-column elementor-col-100 elementor-top-column elementor-element elementor-element-03802ec\" data-id=\"03802ec\" data-element_type=\"column\">\n\t\t\t<div class=\"elementor-widget-wrap elementor-element-populated\">\n\t\t\t\t\t\t\t\t<div class=\"elementor-element elementor-element-93ac83a elementor-widget elementor-widget-wp-widget-nav_menu\" data-id=\"93ac83a\" data-element_type=\"widget\" data-widget_type=\"wp-widget-nav_menu.default\">\n\t\t\t\t<div class=\"elementor-widget-container\">\n\t\t\t<aside class='widget widget_nav_menu'><div class=\"menu-sidebar-menu-2-container\"><ul id=\"menu-sidebar-menu-2\" class=\"menu\"><li id=\"menu-item-15674\" class=\"menu-item menu-item-type-post_type menu-item-object-stm_service menu-item-15674\"><a href=\"https:\/\/ipsafrica.org\/?stm_service=business-services-consulting\">Conflits et s\u00e9curit\u00e9 r\u00e9gionale<\/a><\/li>\n<li id=\"menu-item-15675\" class=\"menu-item menu-item-type-post_type menu-item-object-stm_service menu-item-15675\"><a href=\"https:\/\/ipsafrica.org\/?stm_service=bonds-commodities\">Extr\u00e9misme violent<\/a><\/li>\n<li id=\"menu-item-15676\" class=\"menu-item menu-item-type-post_type menu-item-object-stm_service menu-item-15676\"><a href=\"https:\/\/ipsafrica.org\/?stm_service=audit-assurance\">Crime organis\u00e9 et trafic<\/a><\/li>\n<li id=\"menu-item-15677\" class=\"menu-item menu-item-type-post_type menu-item-object-stm_service menu-item-15677\"><a href=\"https:\/\/ipsafrica.org\/?stm_service=trades-stocks\">S\u00e9curit\u00e9 humaine<\/a><\/li>\n<li id=\"menu-item-15678\" class=\"menu-item menu-item-type-post_type menu-item-object-stm_service menu-item-15678\"><a href=\"https:\/\/ipsafrica.org\/?stm_service=strategic-planning\">Protection civile<\/a><\/li>\n<li id=\"menu-item-15679\" class=\"menu-item menu-item-type-post_type menu-item-object-stm_service menu-item-15679\"><a href=\"https:\/\/ipsafrica.org\/?stm_service=financial-projections-analysis\">Cybers\u00e9curit\u00e9<\/a><\/li>\n<\/ul><\/div><\/aside>\t\t<\/div>\n\t\t\t\t<\/div>\n\t\t\t\t\t<\/div>\n\t\t<\/div>\n\t\t\t\t\t\t\t<\/div>\n\t\t<\/section>\n\t\t\t\t<section class=\"elementor-section elementor-top-section elementor-element elementor-element-684ecae elementor-section-boxed elementor-section-height-default elementor-section-height-default\" data-id=\"684ecae\" data-element_type=\"section\" data-settings=\"{&quot;background_background&quot;:&quot;classic&quot;}\">\n\t\t\t\t\t\t<div class=\"elementor-container elementor-column-gap-default\">\n\t\t\t\t\t<div class=\"elementor-column elementor-col-100 elementor-top-column elementor-element elementor-element-684f35d\" data-id=\"684f35d\" data-element_type=\"column\" data-settings=\"{&quot;background_background&quot;:&quot;classic&quot;}\">\n\t\t\t<div class=\"elementor-widget-wrap elementor-element-populated\">\n\t\t\t\t\t\t\t\t<div class=\"elementor-element elementor-element-684fa60 elementor-widget elementor-widget-vc_custom_heading\" data-id=\"684fa60\" data-element_type=\"widget\" data-widget_type=\"vc_custom_heading.default\">\n\t\t\t\t<div class=\"elementor-widget-container\">\n\t\t\t<div class=\" vc_custom_heading  consulting_heading_font  text_align_left title_no_stripe\" ><div style=\"font-size: 16px;color: #002E5B;text-align: left;font-weight:700\" class=\"consulting-custom-title\">How can we help you?\n<\/div><\/div>\t\t<\/div>\n\t\t\t\t<\/div>\n\t\t\t\t<div class=\"elementor-element elementor-element-684ffaf elementor-widget elementor-widget-text-editor\" data-id=\"684ffaf\" data-element_type=\"widget\" data-widget_type=\"text-editor.default\">\n\t\t\t\t<div class=\"elementor-widget-container\">\n\t\t\t<style>\/*! elementor - v3.12.1 - 02-04-2023 *\/\n.elementor-widget-text-editor.elementor-drop-cap-view-stacked .elementor-drop-cap{background-color:#69727d;color:#fff}.elementor-widget-text-editor.elementor-drop-cap-view-framed .elementor-drop-cap{color:#69727d;border:3px solid;background-color:transparent}.elementor-widget-text-editor:not(.elementor-drop-cap-view-default) .elementor-drop-cap{margin-top:8px}.elementor-widget-text-editor:not(.elementor-drop-cap-view-default) .elementor-drop-cap-letter{width:1em;height:1em}.elementor-widget-text-editor .elementor-drop-cap{float:left;text-align:center;line-height:1;font-size:50px}.elementor-widget-text-editor .elementor-drop-cap-letter{display:inline-block}<\/style>\t\t\t\t<p><span style=\"font-size: 13px; line-height: 22px; color: #002e5b;\">Contact us at the Consulting WP office nearest to you or submit a business inquiry online.<\/span><\/p>\n\t\t\t\t\t\t<\/div>\n\t\t\t\t<\/div>\n\t\t\t\t<div class=\"elementor-element elementor-element-1f1498a elementor-widget__width-auto elementor-widget elementor-widget-button\" data-id=\"1f1498a\" data-element_type=\"widget\" data-widget_type=\"button.default\">\n\t\t\t\t<div class=\"elementor-widget-container\">\n\t\t\t\t\t<div class=\"elementor-button-wrapper icon_align_left  \">\n\t\t\t<a href=\"\/contact-us\/\" class=\"elementor-button-link elementor-button elementor-size-md\" role=\"button\">\n\t\t\t\t\t\t<span class=\"elementor-button-content-wrapper\">\n\t\t\t\t\t\t\t<span class=\"elementor-button-icon elementor-align-icon-left\">\n\t\t\t\t<i aria-hidden=\"true\" class=\"fas fa-phone-square-alt\"><\/i>\t\t\t<\/span>\n\t\t\t\t\t\t<span class=\"elementor-button-text\">contacts<\/span>\n\t\t<\/span>\n\t\t\t\t\t<\/a>\n\t\t<\/div>\n\t\t\t\t<\/div>\n\t\t\t\t<\/div>\n\t\t\t\t\t<\/div>\n\t\t<\/div>\n\t\t\t\t\t\t\t<\/div>\n\t\t<\/section>\n\t\t\t\t<section class=\"elementor-section elementor-top-section elementor-element elementor-element-6851862 elementor-section-boxed elementor-section-height-default elementor-section-height-default\" data-id=\"6851862\" data-element_type=\"section\" data-settings=\"{&quot;background_background&quot;:&quot;classic&quot;}\">\n\t\t\t\t\t\t<div class=\"elementor-container elementor-column-gap-default\">\n\t\t\t\t\t<div class=\"elementor-column elementor-col-100 elementor-top-column elementor-element elementor-element-6852032\" data-id=\"6852032\" data-element_type=\"column\">\n\t\t\t<div class=\"elementor-widget-wrap elementor-element-populated\">\n\t\t\t\t\t\t\t\t<div class=\"elementor-element elementor-element-b7760ce elementor-align-left elementor-widget elementor-widget-button\" data-id=\"b7760ce\" data-element_type=\"widget\" data-widget_type=\"button.default\">\n\t\t\t\t<div class=\"elementor-widget-container\">\n\t\t\t\t\t<div class=\"elementor-button-wrapper icon_align_left  button_block\">\n\t\t\t<a href=\"#\" class=\"elementor-button-link elementor-button elementor-size-md\" role=\"button\">\n\t\t\t\t\t\t<span class=\"elementor-button-content-wrapper\">\n\t\t\t\t\t\t\t<span class=\"elementor-button-icon elementor-align-icon-left\">\n\t\t\t\t<i aria-hidden=\"true\" class=\"fa fa-file-pdf-o\"><\/i>\t\t\t<\/span>\n\t\t\t\t\t\t<span class=\"elementor-button-text\">Company presentation<\/span>\n\t\t<\/span>\n\t\t\t\t\t<\/a>\n\t\t<\/div>\n\t\t\t\t<\/div>\n\t\t\t\t<\/div>\n\t\t\t\t<div class=\"elementor-element elementor-element-6853a44 elementor-widget elementor-widget-stm_testimonials\" data-id=\"6853a44\" data-element_type=\"widget\" data-widget_type=\"stm_testimonials.default\">\n\t\t\t\t<div class=\"elementor-widget-container\">\n\t\t\t\n\n\t\t\t<div class=\"stm_testimonials consulting_elementor_testimonials style_1\">\n\t\t\t\t\t\t\t<div class=\"item\">\n\t\t\t\t\t<div class=\"testimonial\"><p>Consulting WP really helped us achieve our financial goals. The slick presentation along with fantastic readability ensures that our financial standing is stable.<\/p>\n<\/div>\n\t\t\t\t\t<div class=\"testimonial-info clearfix\">\n\t\t\t\t\t\t<div class=\"testimonial-image\"><img width=\"50\" height=\"50\" src=\"https:\/\/ipsafrica.org\/wp-content\/uploads\/2022\/01\/placeholder-50x50.gif\" class=\"attachment-consulting-image-50x50-croped size-consulting-image-50x50-croped wp-post-image\" alt=\"theme_placeholder\" decoding=\"async\" loading=\"lazy\" srcset=\"https:\/\/ipsafrica.org\/wp-content\/uploads\/2022\/01\/placeholder-50x50.gif 50w, https:\/\/ipsafrica.org\/wp-content\/uploads\/2022\/01\/placeholder-300x300.gif 300w, https:\/\/ipsafrica.org\/wp-content\/uploads\/2022\/01\/placeholder-100x100.gif 100w, https:\/\/ipsafrica.org\/wp-content\/uploads\/2022\/01\/placeholder-150x150.gif 150w, https:\/\/ipsafrica.org\/wp-content\/uploads\/2022\/01\/placeholder-320x320.gif 320w\" sizes=\"(max-width: 50px) 100vw, 50px\" \/><\/div>\n\t\t\t\t\t\t<div class=\"testimonial-text\">\n\t\t\t\t\t\t\t<div class=\"name\">Amanda Seyfried<\/div>\n\t\t\t\t\t\t\t<div class=\"company\">\n\t\t\t\t\t\t\tSales &amp; Marketing on, Guzeros Digital\t\t\t\t\t\t\t<\/div>\n\t\t\t\t\t\t<\/div>\n\t\t\t\t\t<\/div>\n\t\t\t\t<\/div>\n\t\t\t\t\t<\/div>\n\t\n\t\t\t<\/div>\n\t\t\t\t<\/div>\n\t\t\t\t\t<\/div>\n\t\t<\/div>\n\t\t\t\t\t\t\t<\/div>\n\t\t<\/section>\n\t\t\t\t\t\t\t<\/div>\n\t\t    \n<\/div>\t\t<\/div>\n\t\t\t\t<\/div>\n\t\t\t\t\t<\/div>\n\t\t<\/div>\n\t\t\t\t\t\t\t<\/div>\n\t\t<\/section>\n\t\t\t\t\t\t\t<\/div>\n\t\t","protected":false},"excerpt":{"rendered":"<p>Healthcare giant overcomes merger in 2015 Business Services Read more Focus on core delivers growth for retailer trading Travel &amp; Aviation Read more Transformation sparks financial income for all Business Services Read more Leading consumer products companies Financial Services Read more Bain helps transportation &#038; logistics companies Surface Transport &amp; Logistics Read more Turnaround Consulting<\/p>\n","protected":false},"author":1,"featured_media":0,"parent":0,"menu_order":0,"comment_status":"closed","ping_status":"closed","template":"","meta":[],"_links":{"self":[{"href":"https:\/\/ipsafrica.org\/index.php?rest_route=\/wp\/v2\/pages\/6318"}],"collection":[{"href":"https:\/\/ipsafrica.org\/index.php?rest_route=\/wp\/v2\/pages"}],"about":[{"href":"https:\/\/ipsafrica.org\/index.php?rest_route=\/wp\/v2\/types\/page"}],"author":[{"embeddable":true,"href":"https:\/\/ipsafrica.org\/index.php?rest_route=\/wp\/v2\/users\/1"}],"replies":[{"embeddable":true,"href":"https:\/\/ipsafrica.org\/index.php?rest_route=%2Fwp%2Fv2%2Fcomments&post=6318"}],"version-history":[{"count":2,"href":"https:\/\/ipsafrica.org\/index.php?rest_route=\/wp\/v2\/pages\/6318\/revisions"}],"predecessor-version":[{"id":15939,"href":"https:\/\/ipsafrica.org\/index.php?rest_route=\/wp\/v2\/pages\/6318\/revisions\/15939"}],"wp:attachment":[{"href":"https:\/\/ipsafrica.org\/index.php?rest_route=%2Fwp%2Fv2%2Fmedia&parent=6318"}],"curies":[{"name":"wp","href":"https:\/\/api.w.org\/{rel}","templated":true}]}}